{"id":179,"date":"2022-11-25T17:52:01","date_gmt":"2022-11-25T17:52:01","guid":{"rendered":"https:\/\/dev.umfst.ro\/facultatea-de-farmacie\/?page_id=179"},"modified":"2025-09-29T07:15:54","modified_gmt":"2025-09-29T07:15:54","slug":"industria-medicamentului-si-biotehnologii-farmaceutice","status":"publish","type":"page","link":"https:\/\/umfst.ro\/facultatea-de-farmacie\/departamente-si-discipline\/departamentul-f2\/industria-medicamentului-si-biotehnologii-farmaceutice\/","title":{"rendered":"Industria medicamentului \u0219i biotehnologii farmaceutice"},"content":{"rendered":"\t\t<div data-elementor-type=\"wp-page\" data-elementor-id=\"179\" class=\"elementor elementor-179\" data-elementor-post-type=\"page\">\n\t\t\t\t\t\t<section class=\"elementor-section elementor-top-section elementor-element elementor-element-b50acc9 elementor-section-boxed elementor-section-height-default elementor-section-height-default\" data-id=\"b50acc9\" data-element_type=\"section\" data-e-type=\"section\">\n\t\t\t\t\t\t<div class=\"elementor-container elementor-column-gap-default\">\n\t\t\t\t\t<div class=\"elementor-column elementor-col-50 elementor-top-column elementor-element elementor-element-43e6445\" data-id=\"43e6445\" data-element_type=\"column\" data-e-type=\"column\">\n\t\t\t<div class=\"elementor-widget-wrap elementor-element-populated\">\n\t\t\t\t\t\t<div class=\"elementor-element elementor-element-2576db6 elementor-widget elementor-widget-text-editor\" data-id=\"2576db6\" data-element_type=\"widget\" data-e-type=\"widget\" data-widget_type=\"text-editor.default\">\n\t\t\t\t<div class=\"elementor-widget-container\">\n\t\t\t\t\t\t\t\t\t<h2 style=\"text-align: left\">Colectivul disciplinei<\/h2><p style=\"text-align: left\"><strong>\u0218ef disciplin\u0103<br \/><\/strong>Prof. univ. dr. Sipos Emese &#8211; <a href=\"https:\/\/umfst.ro\/fileadmin\/f_farmacie\/Cadre_didactice\/CV\/F2\/CV_Sipos_Emese.pdf\">CV<\/a><\/p><p style=\"text-align: left\"><strong>Membri<br \/><\/strong>Conf. univ. dr. Eleonora Mircia &#8211; <a href=\"https:\/\/umfst.ro\/fileadmin\/f_farmacie\/Cadre_didactice\/CV\/F2\/CV_Mircia_Eleonora.pdf\">CV<\/a><br \/>Conf. univ. dr. Szab\u00f3 Zolt\u00e1n &#8211; Istv\u00e1n &#8211; <a href=\"https:\/\/umfst.ro\/fileadmin\/f_farmacie\/Cadre_didactice\/CV\/F2\/CV_Szabo Zoltan Istvan.pdf\" data-wplink-url-error=\"true\">CV<\/a><br \/><br \/>Laborant Lucica Gorea<\/p><h2 style=\"text-align: left\"><strong>Direc\u021bii de cercetare<\/strong><\/h2><ul><li style=\"text-align: left\">Alinierea educa\u021biei farmaceutice la nevoile industriei: un studiu calitativ aprofundat din perspectiva angajatorilor<\/li><li style=\"text-align: left\">Antioxidan\u0163i specifici utiliza\u0163i \u00een produsele cosmetice<\/li><li style=\"text-align: left\">Caracterizarea enantiosepar\u0103rilor cromatografice<\/li><li style=\"text-align: left\">Conservan\u0163i utiliza\u0163i la formularea produselor cosmetice<\/li><li style=\"text-align: left\">Cre\u015fterea biodisponibilit\u0103\u0163ii a unor reprezentan\u0163i ai inhibitorilor tirozin-kinazei prin dispersii solide realizate cu diferi\u021bi excipien\u021bi farmaceutici<\/li><li style=\"text-align: left\">Dezvoltarea unor metode analitice performante pentru screeningul adulteran\u021bilor din suplimente alimentare destinate sc\u0103derii \u00een greutate \u0219i cre\u0219terii poten\u021bei<\/li><li style=\"text-align: left\">Electroforez\u0103 capilar\u0103 chiral\u0103<\/li><li style=\"text-align: left\">Modelarea\u00a0<em>in silico\u00a0<\/em>a separ\u0103rilor cromatografice<\/li><li style=\"text-align: left\">Nanofibre medicamentoase pe baz\u0103 de complec\u0219i de ciclodextrine<\/li><li style=\"text-align: left\">Odoran\u0163i \u00een produse cosmetice<\/li><li style=\"text-align: left\">Prepararea \u0219i caracterizarea unor sisteme nanofibroase;<\/li><li style=\"text-align: left\">Studiu privind obiceiurile igieniz\u0103rii m\u00e2inilor \u00een r\u00e2ndul studen\u021bilor de la Programul de studiu: Farmacie, Cosmetic\u0103 medical\u0103 \u0219i tehnologia produsului cosmetic, Asisten\u021b\u0103 medical\u0103 general\u0103<\/li><li style=\"text-align: left\">Studiu privind rolul farmacistului \u00een promovarea s\u0103n\u0103t\u0103\u021bii<\/li><li style=\"text-align: left\">Studiul siguran\u0163ei utiliz\u0103rii unor coloran\u0163i \u00een produsele cosmetice<\/li><li style=\"text-align: left\">Utilizarea conceptelor de Calitate prin Design \u00een dezvoltarea formelor farmaceutice solide<\/li><\/ul>\t\t\t\t\t\t\t\t<\/div>\n\t\t\t\t<\/div>\n\t\t\t\t\t<\/div>\n\t\t<\/div>\n\t\t\t\t<div class=\"elementor-column elementor-col-50 elementor-top-column elementor-element elementor-element-d6bcc4c\" data-id=\"d6bcc4c\" data-element_type=\"column\" data-e-type=\"column\">\n\t\t\t<div class=\"elementor-widget-wrap elementor-element-populated\">\n\t\t\t\t\t\t<section class=\"elementor-section elementor-inner-section elementor-element elementor-element-f194338 elementor-section-boxed elementor-section-height-default elementor-section-height-default\" data-id=\"f194338\" data-element_type=\"section\" data-e-type=\"section\">\n\t\t\t\t\t\t<div class=\"elementor-container elementor-column-gap-default\">\n\t\t\t\t\t<div data-dce-background-color=\"#F2F7FF\" class=\"elementor-column elementor-col-100 elementor-inner-column elementor-element elementor-element-bdb4d37\" data-id=\"bdb4d37\" data-element_type=\"column\" data-e-type=\"column\" data-settings=\"{&quot;background_background&quot;:&quot;classic&quot;}\">\n\t\t\t<div class=\"elementor-widget-wrap elementor-element-populated\">\n\t\t\t\t\t\t<div class=\"elementor-element elementor-element-8867758 elementor-widget elementor-widget-heading\" data-id=\"8867758\" data-element_type=\"widget\" data-e-type=\"widget\" data-widget_type=\"heading.default\">\n\t\t\t\t<div class=\"elementor-widget-container\">\n\t\t\t\t\t<h5 class=\"elementor-heading-title elementor-size-default\">Contact<\/h5>\t\t\t\t<\/div>\n\t\t\t\t<\/div>\n\t\t\t\t<div class=\"elementor-element elementor-element-fc02e90 elementor-widget-divider--view-line elementor-widget elementor-widget-divider\" data-id=\"fc02e90\" data-element_type=\"widget\" data-e-type=\"widget\" data-widget_type=\"divider.default\">\n\t\t\t\t<div class=\"elementor-widget-container\">\n\t\t\t\t\t\t\t<div class=\"elementor-divider\">\n\t\t\t<span class=\"elementor-divider-separator\">\n\t\t\t\t\t\t<\/span>\n\t\t<\/div>\n\t\t\t\t\t\t<\/div>\n\t\t\t\t<\/div>\n\t\t\t\t<div class=\"elementor-element elementor-element-b13344b elementor-widget elementor-widget-icon-box\" data-id=\"b13344b\" data-element_type=\"widget\" data-e-type=\"widget\" data-widget_type=\"icon-box.default\">\n\t\t\t\t<div class=\"elementor-widget-container\">\n\t\t\t\t\t\t\t<div class=\"elementor-icon-box-wrapper\">\n\n\t\t\t\n\t\t\t\t\t\t<div class=\"elementor-icon-box-content\">\n\n\t\t\t\t\t\t\t\t\t<h3 class=\"elementor-icon-box-title\">\n\t\t\t\t\t\t<span  >\n\t\t\t\t\t\t\tAdres\u0103\t\t\t\t\t\t<\/span>\n\t\t\t\t\t<\/h3>\n\t\t\t\t\n\t\t\t\t\t\t\t\t\t<p class=\"elementor-icon-box-description\">\n\t\t\t\t\t\tCl\u0103direa Facult\u0103\u021bii de Farmacie <\/br>\nStr. Gheorghe Marinescu Nr. 38<\/br>\nT\u00e2rgu Mure\u0219, 540142\nRom\u00e2nia\t\t\t\t\t<\/p>\n\t\t\t\t\n\t\t\t<\/div>\n\t\t\t\n\t\t<\/div>\n\t\t\t\t\t\t<\/div>\n\t\t\t\t<\/div>\n\t\t\t\t<div class=\"elementor-element elementor-element-3b1fa3a elementor-widget elementor-widget-icon-box\" data-id=\"3b1fa3a\" data-element_type=\"widget\" data-e-type=\"widget\" data-widget_type=\"icon-box.default\">\n\t\t\t\t<div class=\"elementor-widget-container\">\n\t\t\t\t\t\t\t<div class=\"elementor-icon-box-wrapper\">\n\n\t\t\t\n\t\t\t\t\t\t<div class=\"elementor-icon-box-content\">\n\n\t\t\t\t\t\t\t\t\t<h3 class=\"elementor-icon-box-title\">\n\t\t\t\t\t\t<span  >\n\t\t\t\t\t\t\t\u0218ef disciplin\u0103\t\t\t\t\t\t<\/span>\n\t\t\t\t\t<\/h3>\n\t\t\t\t\n\t\t\t\t\t\t\t\t\t<p class=\"elementor-icon-box-description\">\n\t\t\t\t\t\tCorp C3, etaj, u\u0219a de acces 88 cam. 96\t\t\t\t\t<\/p>\n\t\t\t\t\n\t\t\t<\/div>\n\t\t\t\n\t\t<\/div>\n\t\t\t\t\t\t<\/div>\n\t\t\t\t<\/div>\n\t\t\t\t<div class=\"elementor-element elementor-element-2a3a74e elementor-widget elementor-widget-icon-box\" data-id=\"2a3a74e\" data-element_type=\"widget\" data-e-type=\"widget\" data-widget_type=\"icon-box.default\">\n\t\t\t\t<div class=\"elementor-widget-container\">\n\t\t\t\t\t\t\t<div class=\"elementor-icon-box-wrapper\">\n\n\t\t\t\n\t\t\t\t\t\t<div class=\"elementor-icon-box-content\">\n\n\t\t\t\t\t\t\t\t\t<h3 class=\"elementor-icon-box-title\">\n\t\t\t\t\t\t<span  >\n\t\t\t\t\t\t\tMembri disciplin\u0103\t\t\t\t\t\t<\/span>\n\t\t\t\t\t<\/h3>\n\t\t\t\t\n\t\t\t\t\t\t\t\t\t<p class=\"elementor-icon-box-description\">\n\t\t\t\t\t\t- Corp C3 parter, u\u0219\u0103 de acces 118 cam. 125\t\t\t\t\t<\/p>\n\t\t\t\t\n\t\t\t<\/div>\n\t\t\t\n\t\t<\/div>\n\t\t\t\t\t\t<\/div>\n\t\t\t\t<\/div>\n\t\t\t\t<div class=\"elementor-element elementor-element-c66e914 elementor-widget elementor-widget-icon-box\" data-id=\"c66e914\" data-element_type=\"widget\" data-e-type=\"widget\" data-widget_type=\"icon-box.default\">\n\t\t\t\t<div class=\"elementor-widget-container\">\n\t\t\t\t\t\t\t<div class=\"elementor-icon-box-wrapper\">\n\n\t\t\t\n\t\t\t\t\t\t<div class=\"elementor-icon-box-content\">\n\n\t\t\t\t\t\t\t\t\t<h3 class=\"elementor-icon-box-title\">\n\t\t\t\t\t\t<span  >\n\t\t\t\t\t\t\tLaborator\t\t\t\t\t\t<\/span>\n\t\t\t\t\t<\/h3>\n\t\t\t\t\n\t\t\t\t\t\t\t\t\t<p class=\"elementor-icon-box-description\">\n\t\t\t\t\t\tCorp C3 parter, u\u0219\u0103 de acces 118 cam. 125\t\t\t\t\t<\/p>\n\t\t\t\t\n\t\t\t<\/div>\n\t\t\t\n\t\t<\/div>\n\t\t\t\t\t\t<\/div>\n\t\t\t\t<\/div>\n\t\t\t\t<div class=\"elementor-element elementor-element-216fc52 elementor-widget elementor-widget-icon-box\" data-id=\"216fc52\" data-element_type=\"widget\" data-e-type=\"widget\" data-widget_type=\"icon-box.default\">\n\t\t\t\t<div class=\"elementor-widget-container\">\n\t\t\t\t\t\t\t<div class=\"elementor-icon-box-wrapper\">\n\n\t\t\t\n\t\t\t\t\t\t<div class=\"elementor-icon-box-content\">\n\n\t\t\t\t\t\t\t\t\t<h3 class=\"elementor-icon-box-title\">\n\t\t\t\t\t\t<span  >\n\t\t\t\t\t\t\tTelefon\t\t\t\t\t\t<\/span>\n\t\t\t\t\t<\/h3>\n\t\t\t\t\n\t\t\t\t\t\t\t\t\t<p class=\"elementor-icon-box-description\">\n\t\t\t\t\t\t+40-265-215.551, int. 365\t\t\t\t\t<\/p>\n\t\t\t\t\n\t\t\t<\/div>\n\t\t\t\n\t\t<\/div>\n\t\t\t\t\t\t<\/div>\n\t\t\t\t<\/div>\n\t\t\t\t\t<\/div>\n\t\t<\/div>\n\t\t\t\t\t<\/div>\n\t\t<\/section>\n\t\t\t\t\t<\/div>\n\t\t<\/div>\n\t\t\t\t\t<\/div>\n\t\t<\/section>\n\t\t\t\t<\/div>\n\t\t","protected":false},"excerpt":{"rendered":"<p>Colectivul disciplinei \u0218ef disciplin\u0103Prof. univ. dr. Sipos Emese &#8211; CV MembriConf. univ. dr. Eleonora Mircia &#8211; CVConf. univ. dr. Szab\u00f3 Zolt\u00e1n &#8211; Istv\u00e1n &#8211; CV Laborant Lucica Gorea Direc\u021bii de cercetare Alinierea educa\u021biei farmaceutice la nevoile industriei: un studiu calitativ aprofundat din perspectiva angajatorilor Antioxidan\u0163i specifici utiliza\u0163i \u00een produsele cosmetice Caracterizarea enantiosepar\u0103rilor cromatografice Conservan\u0163i utiliza\u0163i [&hellip;]<\/p>\n","protected":false},"author":4,"featured_media":0,"parent":141,"menu_order":0,"comment_status":"closed","ping_status":"closed","template":"","meta":{"_relevanssi_hide_post":"","_relevanssi_hide_content":"","_relevanssi_pin_for_all":"","_relevanssi_pin_keywords":"","_relevanssi_unpin_keywords":"","_relevanssi_related_keywords":"","_relevanssi_related_include_ids":"","_relevanssi_related_exclude_ids":"","_relevanssi_related_no_append":"","_relevanssi_related_not_related":"","_relevanssi_related_posts":"1","_relevanssi_noindex_reason":"","footnotes":""},"categories":[13,31],"tags":[],"class_list":["post-179","page","type-page","status-publish","hentry","category-pagina-cu-sidebar","category-pagina-departamente-si-discipline"],"meta_box":[],"_links":{"self":[{"href":"https:\/\/umfst.ro\/facultatea-de-farmacie\/wp-json\/wp\/v2\/pages\/179","targetHints":{"allow":["GET"]}}],"collection":[{"href":"https:\/\/umfst.ro\/facultatea-de-farmacie\/wp-json\/wp\/v2\/pages"}],"about":[{"href":"https:\/\/umfst.ro\/facultatea-de-farmacie\/wp-json\/wp\/v2\/types\/page"}],"author":[{"embeddable":true,"href":"https:\/\/umfst.ro\/facultatea-de-farmacie\/wp-json\/wp\/v2\/users\/4"}],"replies":[{"embeddable":true,"href":"https:\/\/umfst.ro\/facultatea-de-farmacie\/wp-json\/wp\/v2\/comments?post=179"}],"version-history":[{"count":33,"href":"https:\/\/umfst.ro\/facultatea-de-farmacie\/wp-json\/wp\/v2\/pages\/179\/revisions"}],"predecessor-version":[{"id":3864,"href":"https:\/\/umfst.ro\/facultatea-de-farmacie\/wp-json\/wp\/v2\/pages\/179\/revisions\/3864"}],"up":[{"embeddable":true,"href":"https:\/\/umfst.ro\/facultatea-de-farmacie\/wp-json\/wp\/v2\/pages\/141"}],"wp:attachment":[{"href":"https:\/\/umfst.ro\/facultatea-de-farmacie\/wp-json\/wp\/v2\/media?parent=179"}],"wp:term":[{"taxonomy":"category","embeddable":true,"href":"https:\/\/umfst.ro\/facultatea-de-farmacie\/wp-json\/wp\/v2\/categories?post=179"},{"taxonomy":"post_tag","embeddable":true,"href":"https:\/\/umfst.ro\/facultatea-de-farmacie\/wp-json\/wp\/v2\/tags?post=179"}],"curies":[{"name":"wp","href":"https:\/\/api.w.org\/{rel}","templated":true}]}}