{"id":31,"date":"2022-11-03T17:26:25","date_gmt":"2022-11-03T17:26:25","guid":{"rendered":"https:\/\/dev.umfst.ro\/facultatea-de-medicina\/?page_id=31"},"modified":"2023-07-27T21:55:32","modified_gmt":"2023-07-27T18:55:32","slug":"historique-de-la-faculte","status":"publish","type":"page","link":"https:\/\/umfst.ro\/facultatea-de-medicina\/fr\/prezentare\/istoricul-facultatii\/","title":{"rendered":"Historique de la Facult\u00e9"},"content":{"rendered":"<div data-elementor-type=\"wp-page\" data-elementor-id=\"31\" class=\"elementor elementor-31\" data-elementor-post-type=\"page\">\n\t\t\t\t\t\t<section class=\"elementor-section elementor-top-section elementor-element elementor-element-a45d8f6 elementor-section-boxed elementor-section-height-default elementor-section-height-default\" data-id=\"a45d8f6\" data-element_type=\"section\" data-e-type=\"section\">\n\t\t\t\t\t\t<div class=\"elementor-container elementor-column-gap-default\">\n\t\t\t\t\t<div class=\"elementor-column elementor-col-100 elementor-top-column elementor-element elementor-element-7c376368\" data-id=\"7c376368\" data-element_type=\"column\" data-e-type=\"column\">\n\t\t\t<div class=\"elementor-widget-wrap elementor-element-populated\">\n\t\t\t\t\t\t<div class=\"elementor-element elementor-element-3f5c88e2 elementor-widget elementor-widget-text-editor\" data-id=\"3f5c88e2\" data-element_type=\"widget\" data-e-type=\"widget\" data-widget_type=\"text-editor.default\">\n\t\t\t\t<div class=\"elementor-widget-container\">\n\t\t\t\t\t\t\t\t\t<p><\/p>\n<h2 class=\"wp-block-heading\">HISTORIQUE DE LA FACULT\u00c9<\/h2>\n<p><\/p>\n<p><\/p>\n<figure><img decoding=\"async\" src=\"https:\/\/www.umfst.ro\/fileadmin\/_processed_\/2\/6\/csm_umf-site-umftgm-ro_b087c9bb0a.jpg\" alt=\"\"><\/figure>\n<p><\/p>\n<p><\/p>\n<p class=\"wp-block-paragraph\">L\u2019\u00e9ducation m\u00e9dicale \u00e0 Targu Mures a commenc\u00e9 en 1945, au sein de l\u2019Universit\u00e9 Bolyai de Cluj-Napoca. En 1945, la Facult\u00e9 de M\u00e9decine a \u00e9t\u00e9 transf\u00e9r\u00e9e \u00e0 Targu Mures, o\u00f9 elle a fonctionn\u00e9 pendant trois ans. En 1948, l\u2019Institut m\u00e9dico-pharmaceutique a \u00e9t\u00e9 cr\u00e9\u00e9, lequel a obtenu, en 1965, le droit d\u2019accorder le titre scientifique de Docteur en m\u00e9decine. En 1991, l\u2019institut a \u00e9t\u00e9 nomm\u00e9 Universit\u00e9 de M\u00e9decine et de Pharmacie.<\/p>\n<p>La Facult\u00e9 de M\u00e9decine repr\u00e9sente la principale composante de l\u2019Universite de Medecine, de Pharmacie, de Sciences et de Technologie \u00ab George Emil Palade \u00bb de T\u00e2rgu Mure\u0219, tant en termes de nombre d\u2019\u00e9tudiants et de personnel enseignant, que de d\u00e9veloppement m\u00e9dical, scientifique et acad\u00e9mique et de r\u00e9alisations professionnelles. Cette institution a \u00e9t\u00e9 fond\u00e9e il y a pr\u00e8s de huit d\u00e9cennies et est devenue le symbole de la vie acad\u00e9mique de notre ville.<\/p>\n<p>La Facult\u00e9 de M\u00e9decine de Targu Mures est la seule en Roumanie \u00e0 proposer un enseignement en langue hongroise, ce qui atteste de son caract\u00e8re multiculturel. Plus de 3 500 \u00e9tudiants sont inscrits dans les programmes de licence de l\u2019universit\u00e9, auxquels s\u2019ajoutent d\u2019autres participants aux programmes de master ou de doctorat. De nombreux m\u00e9decins r\u00e9sidents de toutes les sp\u00e9cialit\u00e9s m\u00e9dicales sont \u00e9galement encadr\u00e9s par le personnel enseignant travaillant dans les cliniques universitaires de Targu Mures.<\/p>\n<p>Les dipl\u00f4m\u00e9s de la Facult\u00e9 de M\u00e9decine peuvent poursuivre leurs \u00e9tudes \u00e0 travers des programmes de master, des programmes doctoraux ou des programmes de formation m\u00e9dicale continue, sous forme de cours postuniversitaires, de symposiums, de conf\u00e9rences, de congr\u00e8s ou d\u2019\u00e9coles d\u2019\u00e9t\u00e9.<\/p>\n<p>La Facult\u00e9 de M\u00e9decine dispose d\u2019un programme d\u2019\u00e9tudes adapt\u00e9 aux normes actuelles de l\u2019enseignement m\u00e9dical, d\u2019un syst\u00e8me d\u2019enseignement centr\u00e9 sur l\u2019\u00e9tudiant et d\u2019un mode d\u2019\u00e9valuation unifi\u00e9 des \u00e9tudiants au sein du m\u00eame programme d\u2019\u00e9tudes.<\/p>\n<p>L\u2019infrastructure d\u2019enseignement et de recherche, les facilit\u00e9s sportives remarquables ainsi que les programmes de mobilit\u00e9 nationale et internationale constituent des raisons solides pour lesquelles les jeunes choisissent d\u2019\u00e9tudier \u00e0 la Facult\u00e9 de M\u00e9decine de Targu Mures.<\/p>\n<p><\/p>\n<p><\/p>\t\t\t\t\t\t\t\t<\/div>\n\t\t\t\t<\/div>\n\t\t\t\t\t<\/div>\n\t\t<\/div>\n\t\t\t\t\t<\/div>\n\t\t<\/section>\n\t\t\t\t<\/div>","protected":false},"excerpt":{"rendered":"<p>SCURT ISTORIC AL FACULT\u0102\u021aII DE MEDICIN\u0102 \u00cenv\u0103\u0163\u0103m\u00e2ntul medical t\u00e2rgumure\u015fean a \u00eenceput \u00een anul 1945, \u00een cadrul Universit\u0103\u0163ii Bolyai din Cluj-Napoca. \u00cen 1945, Facultatea de Medicin\u0103 a fost mutat\u0103 la T\u00e2rgu Mure\u0219, unde a func\u021bionat vreme de trei ani. \u00cen 1948 s-a \u00eenfiin\u021bat Institutul Medico-Farmaceutic, care, \u00een 1965, a ob\u021binut dreptul de acordare a titlului \u015ftiin\u0163ific [&hellip;]<\/p>\n","protected":false},"author":4,"featured_media":0,"parent":27,"menu_order":0,"comment_status":"closed","ping_status":"closed","template":"","meta":{"_relevanssi_hide_post":"","_relevanssi_hide_content":"","_relevanssi_pin_for_all":"","_relevanssi_pin_keywords":"","_relevanssi_unpin_keywords":"","_relevanssi_related_keywords":"","_relevanssi_related_include_ids":"","_relevanssi_related_exclude_ids":"","_relevanssi_related_no_append":"","_relevanssi_related_not_related":"","_relevanssi_related_posts":"1","_relevanssi_noindex_reason":"","footnotes":""},"categories":[13],"tags":[],"class_list":["post-31","page","type-page","status-publish","hentry","category-pagina-cu-sidebar"],"meta_box":[],"_links":{"self":[{"href":"https:\/\/umfst.ro\/facultatea-de-medicina\/fr\/wp-json\/wp\/v2\/pages\/31","targetHints":{"allow":["GET"]}}],"collection":[{"href":"https:\/\/umfst.ro\/facultatea-de-medicina\/fr\/wp-json\/wp\/v2\/pages"}],"about":[{"href":"https:\/\/umfst.ro\/facultatea-de-medicina\/fr\/wp-json\/wp\/v2\/types\/page"}],"author":[{"embeddable":true,"href":"https:\/\/umfst.ro\/facultatea-de-medicina\/fr\/wp-json\/wp\/v2\/users\/4"}],"replies":[{"embeddable":true,"href":"https:\/\/umfst.ro\/facultatea-de-medicina\/fr\/wp-json\/wp\/v2\/comments?post=31"}],"version-history":[{"count":0,"href":"https:\/\/umfst.ro\/facultatea-de-medicina\/fr\/wp-json\/wp\/v2\/pages\/31\/revisions"}],"up":[{"embeddable":true,"href":"https:\/\/umfst.ro\/facultatea-de-medicina\/fr\/wp-json\/wp\/v2\/pages\/27"}],"wp:attachment":[{"href":"https:\/\/umfst.ro\/facultatea-de-medicina\/fr\/wp-json\/wp\/v2\/media?parent=31"}],"wp:term":[{"taxonomy":"category","embeddable":true,"href":"https:\/\/umfst.ro\/facultatea-de-medicina\/fr\/wp-json\/wp\/v2\/categories?post=31"},{"taxonomy":"post_tag","embeddable":true,"href":"https:\/\/umfst.ro\/facultatea-de-medicina\/fr\/wp-json\/wp\/v2\/tags?post=31"}],"curies":[{"name":"wp","href":"https:\/\/api.w.org\/{rel}","templated":true}]}}

Historique de la Faculté

<div data-elementor-type="wp-page" data-elementor-id="31" class="elementor elementor-31" data-elementor-post-type="page">
						<section class="elementor-section elementor-top-section elementor-element elementor-element-a45d8f6 elementor-section-boxed elementor-section-height-default elementor-section-height-default" data-id="a45d8f6" data-element_type="section" data-e-type="section">
						<div class="elementor-container elementor-column-gap-default">
					<div class="elementor-column elementor-col-100 elementor-top-column elementor-element elementor-element-7c376368" data-id="7c376368" data-element_type="column" data-e-type="column">
			<div class="elementor-widget-wrap elementor-element-populated">
						<div class="elementor-element elementor-element-3f5c88e2 elementor-widget elementor-widget-text-editor" data-id="3f5c88e2" data-element_type="widget" data-e-type="widget" data-widget_type="text-editor.default">
				<div class="elementor-widget-container">
									<p></p>
<h2 class="wp-block-heading">HISTORIQUE DE LA FACULTÉ</h2>
<p></p>
<p></p>
<figure><img decoding="async" src="https://www.umfst.ro/fileadmin/_processed_/2/6/csm_umf-site-umftgm-ro_b087c9bb0a.jpg" alt=""></figure>
<p></p>
<p></p>
<p class="wp-block-paragraph">L’éducation médicale à Targu Mures a commencé en 1945, au sein de l’Université Bolyai de Cluj-Napoca. En 1945, la Faculté de Médecine a été transférée à Targu Mures, où elle a fonctionné pendant trois ans. En 1948, l’Institut médico-pharmaceutique a été créé, lequel a obtenu, en 1965, le droit d’accorder le titre scientifique de Docteur en médecine. En 1991, l’institut a été nommé Université de Médecine et de Pharmacie.</p>
<p>La Faculté de Médecine représente la principale composante de l’Universite de Medecine, de Pharmacie, de Sciences et de Technologie « George Emil Palade » de Târgu Mureș, tant en termes de nombre d’étudiants et de personnel enseignant, que de développement médical, scientifique et académique et de réalisations professionnelles. Cette institution a été fondée il y a près de huit décennies et est devenue le symbole de la vie académique de notre ville.</p>
<p>La Faculté de Médecine de Targu Mures est la seule en Roumanie à proposer un enseignement en langue hongroise, ce qui atteste de son caractère multiculturel. Plus de 3 500 étudiants sont inscrits dans les programmes de licence de l’université, auxquels s’ajoutent d’autres participants aux programmes de master ou de doctorat. De nombreux médecins résidents de toutes les spécialités médicales sont également encadrés par le personnel enseignant travaillant dans les cliniques universitaires de Targu Mures.</p>
<p>Les diplômés de la Faculté de Médecine peuvent poursuivre leurs études à travers des programmes de master, des programmes doctoraux ou des programmes de formation médicale continue, sous forme de cours postuniversitaires, de symposiums, de conférences, de congrès ou d’écoles d’été.</p>
<p>La Faculté de Médecine dispose d’un programme d’études adapté aux normes actuelles de l’enseignement médical, d’un système d’enseignement centré sur l’étudiant et d’un mode d’évaluation unifié des étudiants au sein du même programme d’études.</p>
<p>L’infrastructure d’enseignement et de recherche, les facilités sportives remarquables ainsi que les programmes de mobilité nationale et internationale constituent des raisons solides pour lesquelles les jeunes choisissent d’étudier à la Faculté de Médecine de Targu Mures.</p>
<p></p>
<p></p>								</div>
				</div>
					</div>
		</div>
					</div>
		</section>
				</div>

<p>SCURT ISTORIC AL FACULTĂȚII DE MEDICINĂ Învăţământul medical târgumureşean a început în anul 1945, în cadrul Universităţii Bolyai din Cluj-Napoca. În 1945, Facultatea de Medicină a fost mutată la Târgu Mureș, unde a funcționat vreme de trei ani. În 1948 s-a înființat Institutul Medico-Farmaceutic, care, în 1965, a obținut dreptul de acordare a titlului ştiinţific [&hellip;]</p>
