{"id":26504,"date":"2024-06-12T13:06:06","date_gmt":"2024-06-12T10:06:06","guid":{"rendered":"https:\/\/umfst.ro\/?post_type=eveniment&#038;p=26504"},"modified":"2024-09-16T20:00:07","modified_gmt":"2024-09-16T17:00:07","slug":"conferinta-nationala-a-asociatiei-romane-de-studiu-a-personalitatii","status":"publish","type":"eveniment","link":"https:\/\/umfst.ro\/hu\/eveniment\/conferinta-nationala-a-asociatiei-romane-de-studiu-a-personalitatii\/","title":{"rendered":"Conferin\u021ba Na\u021bionala a Asocia\u021biei Rom\u00e2ne de Studiu a Personalit\u0103\u021bii"},"content":{"rendered":"<p>Asocia\u021bia Rom\u00e2n\u0103 de Studiu a Personalit\u0103\u021bii, Asocia\u021bia Rom\u00e2n\u0103 de Psihiatrie \u0219i Psihoterapie, Disciplina de Psihiatrie, UMFST G.E. Palade T\u00e2rgu Mure\u0219, \u0219i Funda\u021bia \u201ePsychonet\u201d organizeaz\u0103, \u00een perioada 13-16 iunie 2024, la Sighi\u0219oara, a XXII-a Conferin\u021b\u0103 Na\u021bional\u0103 a Asocia\u021biei Rom\u00e2ne de Studiu a Personalit\u0103\u021bii cu tema: \u201eSimptome, tr\u0103s\u0103turi \u0219i personalit\u0103\u021bi obsesive \u00een dinamica rolurilor vie\u021bii\u201d.<\/p>\n\n\n\n<p>Tematica evenimentului \u0219tiin\u021bific cuprinde:<\/p>\n\n\n\n<ul class=\"wp-block-list\">\n<li>Obsesionalitatea \u00eentre simptom \u0219i tr\u0103s\u0103tur\u0103;<\/li>\n\n\n\n<li>Ontogeneza personalit\u0103\u021bii obsesive;<\/li>\n\n\n\n<li>Tr\u0103s\u0103turi \u0219i personalit\u0103\u021bi obsesive \u00een rolurile vie\u021bii;<\/li>\n\n\n\n<li>Personalitatea obsesiv\u0103 \u0219i condi\u021biile de comorbiditate de Axa II;<\/li>\n\n\n\n<li>Personalitatea obsesiv\u0103 \u2013 \u00een art\u0103 \u0219i cultur\u0103 \/ \u00een raport cu dimensiunea etico-moral\u0103 \/ \u00eentre supersti\u021bii \u0219i credin\u021be;<\/li>\n\n\n\n<li>Tr\u0103s\u0103turile obsesive \u0219i valorile lumii contemporane;<\/li>\n\n\n\n<li>Strategii terapeutice \u0219i reabilitative.<\/li>\n<\/ul>\n\n\n\n<p>Informa\u021bii suplimentare se pot ob\u021bine acces\u00e2nd: <a href=\"http:\/\/personalitate-arsp.ro\/\" target=\"_blank\" rel=\"noopener\">http:\/\/personalitate-arsp.ro\/<\/a>.<\/p>","protected":false},"featured_media":26505,"template":"","meta":{"_relevanssi_hide_post":"","_relevanssi_hide_content":"","_relevanssi_pin_for_all":"","_relevanssi_pin_keywords":"","_relevanssi_unpin_keywords":"","_relevanssi_related_keywords":"","_relevanssi_related_include_ids":"","_relevanssi_related_exclude_ids":"","_relevanssi_related_no_append":"","_relevanssi_related_not_related":"","_relevanssi_related_posts":"20200,23473,20259,24413,25615,13292","_relevanssi_noindex_reason":"","footnotes":""},"eticheta-eveniment":[],"categorieeveniment":[],"class_list":["post-26504","eveniment","type-eveniment","status-publish","has-post-thumbnail","hentry"],"meta_box":{"organizator":[],"contact":"","website":"","text_q4q8xyvxobl":"","link_formular_de_inregistrare":"","data_inceput":"1718236800","data_final":"2024-06-16","time_um51zn4wpmi":"","time_41j3v6mjcyn":"13:00","date_st2emsoveg":"13 June 2024","data_eveniment_new":"1718236800","date_1b8p31qtc0o":"","locatie_yqr5z7qw16":"Sighi\u0219oara"},"_links":{"self":[{"href":"https:\/\/umfst.ro\/hu\/wp-json\/wp\/v2\/eveniment\/26504","targetHints":{"allow":["GET"]}}],"collection":[{"href":"https:\/\/umfst.ro\/hu\/wp-json\/wp\/v2\/eveniment"}],"about":[{"href":"https:\/\/umfst.ro\/hu\/wp-json\/wp\/v2\/types\/eveniment"}],"version-history":[{"count":0,"href":"https:\/\/umfst.ro\/hu\/wp-json\/wp\/v2\/eveniment\/26504\/revisions"}],"wp:featuredmedia":[{"embeddable":true,"href":"https:\/\/umfst.ro\/hu\/wp-json\/wp\/v2\/media\/26505"}],"wp:attachment":[{"href":"https:\/\/umfst.ro\/hu\/wp-json\/wp\/v2\/media?parent=26504"}],"wp:term":[{"taxonomy":"eticheta-eveniment","embeddable":true,"href":"https:\/\/umfst.ro\/hu\/wp-json\/wp\/v2\/eticheta-eveniment?post=26504"},{"taxonomy":"categorieeveniment","embeddable":true,"href":"https:\/\/umfst.ro\/hu\/wp-json\/wp\/v2\/categorieeveniment?post=26504"}],"curies":[{"name":"wp","href":"https:\/\/api.w.org\/{rel}","templated":true}]}}

Conferința Naționala a Asociației Române de Studiu a Personalității

<p>Asociația Română de Studiu a Personalității, Asociația Română de Psihiatrie și Psihoterapie, Disciplina de Psihiatrie, UMFST G.E. Palade Târgu Mureș, și Fundația „Psychonet” organizează, în perioada 13-16 iunie 2024, la Sighișoara, a XXII-a Conferință Națională a Asociației Române de Studiu a Personalității cu tema: „Simptome, trăsături și personalități obsesive în dinamica rolurilor vieții”.</p>



<p>Tematica evenimentului științific cuprinde:</p>



<ul class="wp-block-list">
<li>Obsesionalitatea între simptom și trăsătură;</li>



<li>Ontogeneza personalității obsesive;</li>



<li>Trăsături și personalități obsesive în rolurile vieții;</li>



<li>Personalitatea obsesivă și condițiile de comorbiditate de Axa II;</li>



<li>Personalitatea obsesivă – în artă și cultură / în raport cu dimensiunea etico-morală / între superstiții și credințe;</li>



<li>Trăsăturile obsesive și valorile lumii contemporane;</li>



<li>Strategii terapeutice și reabilitative.</li>
</ul>



<p>Informații suplimentare se pot obține accesând: <a href="http://personalitate-arsp.ro/" target="_blank" rel="noopener">http://personalitate-arsp.ro/</a>.</p>

Sighișoara
