{"id":48091,"date":"2026-04-29T09:25:31","date_gmt":"2026-04-29T06:25:31","guid":{"rendered":"https:\/\/umfst.ro\/?post_type=eveniment&#038;p=48091"},"modified":"2026-04-29T09:25:32","modified_gmt":"2026-04-29T06:25:32","slug":"eveniment-stiintific-dedicat-explorarii-si-aprofundarii-neurostiintelor","status":"publish","type":"eveniment","link":"https:\/\/umfst.ro\/hu\/eveniment\/eveniment-stiintific-dedicat-explorarii-si-aprofundarii-neurostiintelor\/","title":{"rendered":"Eveniment \u0219tiin\u021bific\u00a0dedicat explor\u0103rii \u0219i aprofund\u0103rii neuro\u0219tiin\u021belor"},"content":{"rendered":"<p>Edi\u021bia cu num\u0103rul 11 a Conferin\u021bei Interdisciplinare NeuroN este programat\u0103 s\u0103 se desf\u0103\u0219oare \u00een perioada 7-10 mai 2026, la Casa de Cultur\u0103 a Studen\u021bilor din T\u00e2rgu Mure\u0219.<\/p>\n\n\n\n<p>Eveniment academic de referin\u021b\u0103 dedicat explor\u0103rii \u0219i aprofund\u0103rii domeniilor neuro\u0219tiin\u021belor, conferin\u021ba reune\u0219te anual studen\u021bi, cadre didactice, medici reziden\u021bi \u0219i speciali\u0219ti din multiple arii conexe \u00eentr-un cadru propice pentru schimbul de cuno\u0219tin\u021be, promovarea cercet\u0103rii interdisciplinare \u0219i stabilirea de noi conexiuni.<\/p>\n\n\n\n<p>Manifestarea \u0219tiin\u021bific\u0103 \u00eentrune\u0219te teme precum neuroanatomia, neurochirurgia, psihiatria, farmacologia, radiologia, biomecanica, medicina nuclear\u0103 etc.<\/p>\n\n\n\n<p>Programul \u0219tiin\u021bific include prezent\u0103ri, sesiuni de comunic\u0103ri \u0219i workshopuri aplicate. Detalii privind \u00eenscrierile sunt disponibile pe site-ul conferin\u021bei: <a href=\"https:\/\/neuro-n.ro\/\" target=\"_blank\" rel=\"noopener\">https:\/\/neuro-n.ro\/<\/a>.<\/p>","protected":false},"featured_media":48092,"template":"","meta":{"_relevanssi_hide_post":"","_relevanssi_hide_content":"","_relevanssi_pin_for_all":"","_relevanssi_pin_keywords":"","_relevanssi_unpin_keywords":"","_relevanssi_related_keywords":"","_relevanssi_related_include_ids":"","_relevanssi_related_exclude_ids":"","_relevanssi_related_no_append":"","_relevanssi_related_not_related":"","_relevanssi_related_posts":"27349,43690,23840,42563,47814,37743","_relevanssi_noindex_reason":"","footnotes":""},"eticheta-eveniment":[],"categorieeveniment":[],"class_list":["post-48091","eveniment","type-eveniment","status-publish","has-post-thumbnail","hentry"],"meta_box":{"organizator":[],"contact":"","website":"https:\/\/neuro-n.ro\/","text_q4q8xyvxobl":"","link_formular_de_inregistrare":"","data_inceput":"1778112000","data_final":"2026-05-10 00:00","time_um51zn4wpmi":"","time_41j3v6mjcyn":"","date_st2emsoveg":"","data_eveniment_new":"1778112000","date_1b8p31qtc0o":"1778371200","locatie_yqr5z7qw16":"Casa de Cultur\u0103 a Studen\u021bilor"},"_links":{"self":[{"href":"https:\/\/umfst.ro\/hu\/wp-json\/wp\/v2\/eveniment\/48091","targetHints":{"allow":["GET"]}}],"collection":[{"href":"https:\/\/umfst.ro\/hu\/wp-json\/wp\/v2\/eveniment"}],"about":[{"href":"https:\/\/umfst.ro\/hu\/wp-json\/wp\/v2\/types\/eveniment"}],"version-history":[{"count":1,"href":"https:\/\/umfst.ro\/hu\/wp-json\/wp\/v2\/eveniment\/48091\/revisions"}],"predecessor-version":[{"id":48093,"href":"https:\/\/umfst.ro\/hu\/wp-json\/wp\/v2\/eveniment\/48091\/revisions\/48093"}],"wp:featuredmedia":[{"embeddable":true,"href":"https:\/\/umfst.ro\/hu\/wp-json\/wp\/v2\/media\/48092"}],"wp:attachment":[{"href":"https:\/\/umfst.ro\/hu\/wp-json\/wp\/v2\/media?parent=48091"}],"wp:term":[{"taxonomy":"eticheta-eveniment","embeddable":true,"href":"https:\/\/umfst.ro\/hu\/wp-json\/wp\/v2\/eticheta-eveniment?post=48091"},{"taxonomy":"categorieeveniment","embeddable":true,"href":"https:\/\/umfst.ro\/hu\/wp-json\/wp\/v2\/categorieeveniment?post=48091"}],"curies":[{"name":"wp","href":"https:\/\/api.w.org\/{rel}","templated":true}]}}

Eveniment științific dedicat explorării și aprofundării neuroștiințelor

<p>Ediția cu numărul 11 a Conferinței Interdisciplinare NeuroN este programată să se desfășoare în perioada 7-10 mai 2026, la Casa de Cultură a Studenților din Târgu Mureș.</p>



<p>Eveniment academic de referință dedicat explorării și aprofundării domeniilor neuroștiințelor, conferința reunește anual studenți, cadre didactice, medici rezidenți și specialiști din multiple arii conexe într-un cadru propice pentru schimbul de cunoștințe, promovarea cercetării interdisciplinare și stabilirea de noi conexiuni.</p>



<p>Manifestarea științifică întrunește teme precum neuroanatomia, neurochirurgia, psihiatria, farmacologia, radiologia, biomecanica, medicina nucleară etc.</p>



<p>Programul științific include prezentări, sesiuni de comunicări și workshopuri aplicate. Detalii privind înscrierile sunt disponibile pe site-ul conferinței: <a href="https://neuro-n.ro/" target="_blank" rel="noopener">https://neuro-n.ro/</a>.</p>

Casa de Cultură a Studenților
