{"id":3120,"date":"2025-12-22T07:29:30","date_gmt":"2025-12-22T07:29:30","guid":{"rendered":"https:\/\/umfst.ro\/medicina-engleza\/?page_id=3120"},"modified":"2026-04-24T07:31:36","modified_gmt":"2026-04-24T07:31:36","slug":"admitere-2026","status":"publish","type":"page","link":"https:\/\/umfst.ro\/medicina-engleza\/admitere-2026\/","title":{"rendered":"Admitere 2026"},"content":{"rendered":"\t\t<div data-elementor-type=\"wp-page\" data-elementor-id=\"3120\" class=\"elementor elementor-3120\" data-elementor-post-type=\"page\">\n\t\t\t\t\t\t<section class=\"elementor-section elementor-top-section elementor-element elementor-element-6b96d00 elementor-section-boxed elementor-section-height-default elementor-section-height-default\" data-id=\"6b96d00\" data-element_type=\"section\" data-e-type=\"section\">\n\t\t\t\t\t\t<div class=\"elementor-container elementor-column-gap-default\">\n\t\t\t\t\t<div class=\"elementor-column elementor-col-100 elementor-top-column elementor-element elementor-element-52f8092\" data-id=\"52f8092\" data-element_type=\"column\" data-e-type=\"column\">\n\t\t\t<div class=\"elementor-widget-wrap elementor-element-populated\">\n\t\t\t\t\t\t<div class=\"elementor-element elementor-element-a6c3384 elementor-widget elementor-widget-text-editor\" data-id=\"a6c3384\" data-element_type=\"widget\" data-e-type=\"widget\" data-no-translation=\"\" data-widget_type=\"text-editor.default\">\n\t\t\t\t<div class=\"elementor-widget-container\">\n\t\t\t\t\t<style>.elementor-element-a6c3384{display:none !important}<\/style>\t\t\t\t<\/div>\n\t\t\t\t<\/div>\n\t\t\t\t\t<\/div>\n\t\t<\/div>\n\t\t\t\t\t<\/div>\n\t\t<\/section>\n\t\t\t\t<section class=\"elementor-section elementor-top-section elementor-element elementor-element-17e27d9 elementor-section-boxed elementor-section-height-default elementor-section-height-default\" data-id=\"17e27d9\" data-element_type=\"section\" data-e-type=\"section\">\n\t\t\t\t\t\t<div class=\"elementor-container elementor-column-gap-default\">\n\t\t\t\t\t<div class=\"elementor-column elementor-col-100 elementor-top-column elementor-element elementor-element-cc62795\" data-id=\"cc62795\" data-element_type=\"column\" data-e-type=\"column\">\n\t\t\t<div class=\"elementor-widget-wrap elementor-element-populated\">\n\t\t\t\t\t\t<div class=\"elementor-element elementor-element-2033277 elementor-widget elementor-widget-text-editor\" data-id=\"2033277\" data-element_type=\"widget\" data-e-type=\"widget\" data-widget_type=\"text-editor.default\">\n\t\t\t\t<div class=\"elementor-widget-container\">\n\t\t\t\t\t\t\t\t\t<h2><strong>Facultatea de Studii Medicale Interna\u021bionale (Faculty of International Medical Studies) \u2013 valori multiculturale \u00eentr-un model de succes<\/strong><\/h2><p><a href=\"https:\/\/umfst.ro\/medicina-engleza\/admitere-2026\/admission-2026-2027-medicine-in-english\/\">Admitere 2026-2027: Medicin\u0103 \u00een Limba Englez\u0103<\/a><\/p><p><a href=\"https:\/\/umfst.ro\/medicina-engleza\/admitere-2026\/admission-2026-2027-medicine-in-french\/\">Admitere 2026-2027: Medicin\u0103 \u00een Limba Francez\u0103<\/a><\/p><p><a href=\"https:\/\/umfst.ro\/medicina-engleza\/admitere-2026\/admitere-2026-2027-program-de-masterat-multimodal-imaging-techniques-in-medicine\/\">Admitere 2026-2027: Program de Masterat Multimodal Imaging Techniques in Medicine<\/a><\/p><p>\u00a0<\/p><p><strong>Oferta educa\u021bional\u0103 \u2013 programe de licen\u021b\u0103:<\/strong><\/p><ul><li><strong>Medicin\u0103 \u00een Limba Englez\u0103 \u2013 T\u00e2rgu Mure\u0219<\/strong>(6 ani, limba englez\u0103)<\/li><\/ul><p>Universitatea organizeaz\u0103 o \u00eenscriere continu\u0103 la acest program, cu patru sesiuni de interviuri, care se desf\u0103\u0219oar\u0103 \u00een perioada martie-septembrie 2026.<\/p><p>Acest program, desf\u0103\u0219urat anual \u00een patru module de predare, sus\u021bine procesul de interna\u021bionalizare a universit\u0103\u021bii, oferind un mediu academic intercultural ce \u00eembin\u0103 tradi\u021bia cu inova\u021bia \u0219i interac\u021biunea uman\u0103 cu utilizarea optim\u0103 a tehnologiilor moderne.<\/p><p>\u00cenv\u0103\u021b\u0103m\u00e2ntul medical centrat pe student ofer\u0103 nu doar cuno\u0219tin\u021be teoretice, ci \u0219i abilit\u0103\u021bi practice esen\u021biale \u00een formarea unui profesionist complet. Studen\u021bii beneficiaz\u0103, pe l\u00e2ng\u0103 activitatea practic\u0103 de la patul bolnavului, \u0219i de facilit\u0103\u021bi moderne de \u00eenv\u0103\u021bare: platforme de \u00eenv\u0103\u021b\u0103m\u00e2nt virtual 3D, platforme eLearning \u0219i centre de cercetare \u00een care se pune accentul pe integrarea tinerilor \u00een echipele care au deja experien\u021b\u0103 \u00een acest domeniu. Participarea la activit\u0103\u021bile de cercetare le ofer\u0103 o baz\u0103 solid\u0103 pentru accesul la studii doctorale.<\/p><ul><li><strong>Medicin\u0103 \u00een limba englez\u0103 \u2013 Hamburg, Germania<\/strong>(6 ani, limba englez\u0103)<\/li><\/ul><p>\u00cen campusul din Hamburg, studen\u021bii beneficiaz\u0103 de cele mai moderne facilit\u0103\u021bi de predare precum \u0219i de activitate clinic\u0103 care se desf\u0103\u0219oar\u0103 \u00een peste 30 de unit\u0103\u021bi medicale partenere din Uniunea European\u0103 (Germania, Spania, Italia, Lituania, Malta). \u00cenv\u0103\u021b\u0103m\u00e2ntul virtual 3D, platformele eLearning \u0219i cursurile transmise live din s\u0103li \u0219i laboratoare de ultim\u0103 genera\u021bie asigur\u0103 preg\u0103tirea studen\u021bilor la cele mai \u00eenalte standarde.<\/p><ul><li><strong>Medicin\u0103 \u00een Limba Francez\u0103 \u2013 T\u00e2rgu Mure\u0219<\/strong><strong> (6 ani, limba francez\u0103)<\/strong><\/li><\/ul><p>\u00cencep\u00e2nd cu anul universitar 2026\/2027, oferta educa\u021bional\u0103 a universit\u0103\u021bii se va \u00eembog\u0103\u021bi cu 100 de locuri aferente acestui program (hotar\u00e2re ARACIS din 02.04.2026). Admiterea la acest program este de tip continuu, cu trei sesiuni de interviuri, care se desf\u0103\u0219oar\u0103 \u00een perioada iunie-septembrie 2026. Aceast\u0103 realizare reprezint\u0103 un nou reper \u00een consolidarea dimensiunii academice interna\u021bionale a UMFST \u0219i exprim\u0103, \u00een mod concret, direc\u021bia strategic\u0103 de interna\u021bionalizare asumat\u0103 de universitate, prin diversificarea programelor de studiu \u0219i extinderea deschiderii c\u0103tre spa\u021biul educa\u021bional european \u0219i global.<\/p><p><strong><br \/>Oferta educa\u021bional\u0103 \u2013 programe de masterat \u00een limba englez\u0103:<\/strong><\/p><ul><li>Advanced Medical &#8211; Pharmaceutical Scientific Research\/ Master de cercetare \u0219tiin\u021bific\u0103 avansat\u0103 medico-farmaceutic\u0103 \u2013 1 an. Programul promoveaz\u0103 dezvoltarea unei leg\u0103turi \u00eentre teorie, cercetare \u0219i practic\u0103, astfel \u00eenc\u00e2t educa\u021bia s\u0103 fie adaptat\u0103 permanent progresului \u00een \u00eengrijirea s\u0103n\u0103t\u0103\u021bii. Se adreseaz\u0103 tinerilor cercet\u0103tori care doresc s\u0103 \u00ee\u0219i continue studiile doctorale \u0219i activitatea de cercetare<\/li><li>Multimodal Imaging Techniques in Medicine\/ Tehnici de imagistic\u0103 multimodal\u0103 \u00een medicin\u0103 \u2013 program de 2 ani. Acest nou program de masterat se adreseaz\u0103 medicilor, inginerilor, bioinginerilor, fizicienilor, asistentelor medicale cu studii superioare \u0219i tuturor persoanelor interesate de intersec\u021bia tehnologie\u2013medicin\u0103 (procesarea imaginilor medicale, inteligen\u021b\u0103 artificial\u0103 \u00een medicin\u0103, sisteme hardware\/software pentru diagnostic).<\/li><\/ul>\t\t\t\t\t\t\t\t<\/div>\n\t\t\t\t<\/div>\n\t\t\t\t\t<\/div>\n\t\t<\/div>\n\t\t\t\t\t<\/div>\n\t\t<\/section>\n\t\t\t\t<\/div>\n\t\t","protected":false},"excerpt":{"rendered":"<p>Facult\u00e9 d&#8217;\u00e9tudes m\u00e9dicales internationales (Faculty of International Medical Studies) \u2013 des valeurs multiculturelles au c\u0153ur d&#8217;un mod\u00e8le de r\u00e9ussite Admission 2026-2027: M\u00e9decine en Anglais Admission 2026-2027: M\u00e9decine en Fran\u00e7ais Admission 2026-2027: Programme de Master Multimodal Imaging Techniques in Medicine La Facult\u00e9 d&#8217;\u00e9tudes m\u00e9dicales internationales (FIMS) respecte les normes acad\u00e9miques requises pour la formation de m\u00e9decins [&hellip;]<\/p>\n","protected":false},"author":25,"featured_media":0,"parent":0,"menu_order":3,"comment_status":"closed","ping_status":"closed","template":"","meta":{"_relevanssi_hide_post":"","_relevanssi_hide_content":"","_relevanssi_pin_for_all":"","_relevanssi_pin_keywords":"","_relevanssi_unpin_keywords":"","_relevanssi_related_keywords":"","_relevanssi_related_include_ids":"","_relevanssi_related_exclude_ids":"","_relevanssi_related_no_append":"","_relevanssi_related_not_related":"","_relevanssi_related_posts":"161,1996,2297,2260,2060,2088","_relevanssi_noindex_reason":"","footnotes":""},"categories":[12],"tags":[],"class_list":["post-3120","page","type-page","status-publish","hentry","category-pagina-cu-sidebar"],"meta_box":[],"_links":{"self":[{"href":"https:\/\/umfst.ro\/medicina-engleza\/wp-json\/wp\/v2\/pages\/3120","targetHints":{"allow":["GET"]}}],"collection":[{"href":"https:\/\/umfst.ro\/medicina-engleza\/wp-json\/wp\/v2\/pages"}],"about":[{"href":"https:\/\/umfst.ro\/medicina-engleza\/wp-json\/wp\/v2\/types\/page"}],"author":[{"embeddable":true,"href":"https:\/\/umfst.ro\/medicina-engleza\/wp-json\/wp\/v2\/users\/25"}],"replies":[{"embeddable":true,"href":"https:\/\/umfst.ro\/medicina-engleza\/wp-json\/wp\/v2\/comments?post=3120"}],"version-history":[{"count":127,"href":"https:\/\/umfst.ro\/medicina-engleza\/wp-json\/wp\/v2\/pages\/3120\/revisions"}],"predecessor-version":[{"id":3383,"href":"https:\/\/umfst.ro\/medicina-engleza\/wp-json\/wp\/v2\/pages\/3120\/revisions\/3383"}],"wp:attachment":[{"href":"https:\/\/umfst.ro\/medicina-engleza\/wp-json\/wp\/v2\/media?parent=3120"}],"wp:term":[{"taxonomy":"category","embeddable":true,"href":"https:\/\/umfst.ro\/medicina-engleza\/wp-json\/wp\/v2\/categories?post=3120"},{"taxonomy":"post_tag","embeddable":true,"href":"https:\/\/umfst.ro\/medicina-engleza\/wp-json\/wp\/v2\/tags?post=3120"}],"curies":[{"name":"wp","href":"https:\/\/api.w.org\/{rel}","templated":true}]}}