{"id":166,"date":"2022-11-20T18:57:16","date_gmt":"2022-11-20T18:57:16","guid":{"rendered":"https:\/\/dev.umfst.ro\/stiinte-si-litere\/?page_id=166"},"modified":"2022-11-20T18:57:17","modified_gmt":"2022-11-20T18:57:17","slug":"examene-delf","status":"publish","type":"page","link":"https:\/\/umfst.ro\/stiinte-si-litere\/parteneriate\/examene-delf\/","title":{"rendered":"Examene DELF"},"content":{"rendered":"\n<h2 class=\"wp-block-heading\">PARTENERIATE<\/h2>\n\n\n\n<p><em>Rezultatele examenelor DELF\/DALF februarie 2022 se comunic\u0103 individual prin e-mail pe adresa indicat\u0103 \u00een formularul de \u00eenscriere<\/em><\/p>\n\n\n\n<p><strong>EXAMENE DELF (Dipl\u00f4me El\u00e9mentaire de Langue Fran\u00e7aise)<\/strong><br>\u00cencep\u00e2nd cu luna februarie a anului 2020, Facultatea de \u015etiin\u0163e \u015fi Litere \u201ePetru Maior\u201d din cadrul Universit\u0103\u0163ii de Medicin\u0103, Farmacie, \u015etiin\u0163e \u015fi Tehnologie \u201cGeorge Emil Palade\u201d din T\u00eergu-Mure\u015f este centru regional pentru examenul DELF, examen organizat \u00eempreun\u0103 cu Institutul Francez din Rom\u00e2nia \u015fi Ministerul Educa\u0163iei Na\u0163ionale. Delf-ul (Dipl\u00f4me El\u00e9mentaire de Langue Fran\u00e7aise) este o diplom\u0103 de limb\u0103 francez\u0103 creat\u0103 \u015fi eliberat\u0103 de statul francez, special pentru elevii, studen\u0163ii sau adul\u0163ii acelor \u0163\u0103ri care au semnat conven\u0163ii cu CIEP S\u00e8vres pentru astfel de certific\u0103ri lingvistice.<br>Diploma care certific\u0103 nivelul de limb\u0103 evaluat este recunoscut\u0103 \u00een \u00eentreg spa\u0163iul european, \u00een spa\u0163iul francofon, fiind necesar\u0103 continu\u0103rii studiilor academice \u00een Fran\u0163a.&nbsp;<\/p>\n\n\n\n<p><strong>SESIUNEA FEBRUARIE 2021<\/strong><br>Inscrierea candida\u021bilor se face c\u0103tre Lector dr. Corina BOZEDEAN, organizator centru delocalizat, la urmatoarea adresa de email:&nbsp;<a href=\"linkTo_UnCryptMailto(%27nbjmup%2Bdpsjob%5C%2FcpafefboAvngtu%5C%2Fsp%27);\">corina.bozedean@umfst.ro<\/a><br>\u00censcrierea va fi validat\u0103 \u00een momentul \u00een care se transmit, \u00een cadrul aceluia\u015fi e-mail, at\u00e2t fi\u015fa de \u00eenscriere completat\u0103, c\u00e2t \u015fi dovada pl\u0103\u0163ii \u015fi o copie dup\u0103 actul de identitate \/ certificatul de na\u015ftere.<br><a href=\"https:\/\/www.umfst.ro\/fileadmin\/f_stiinte_litere\/materiale\/Calendar_2021.pdf\">Calendar 2021<\/a><br><a href=\"https:\/\/www.umfst.ro\/fileadmin\/f_stiinte_litere\/materiale\/Fiche__inscription_2021.doc\">Fische inscription<\/a><\/p>\n","protected":false},"excerpt":{"rendered":"<p>PARTENERIATE Rezultatele examenelor DELF\/DALF februarie 2022 se comunic\u0103 individual prin e-mail pe adresa indicat\u0103 \u00een formularul de \u00eenscriere EXAMENE DELF (Dipl\u00f4me El\u00e9mentaire de Langue Fran\u00e7aise)\u00cencep\u00e2nd cu luna februarie a anului 2020, Facultatea de \u015etiin\u0163e \u015fi Litere \u201ePetru Maior\u201d din cadrul Universit\u0103\u0163ii de Medicin\u0103, Farmacie, \u015etiin\u0163e \u015fi Tehnologie \u201cGeorge Emil Palade\u201d din T\u00eergu-Mure\u015f este centru regional [&hellip;]<\/p>\n","protected":false},"author":4,"featured_media":0,"parent":161,"menu_order":0,"comment_status":"closed","ping_status":"closed","template":"","meta":{"_relevanssi_hide_post":"","_relevanssi_hide_content":"","_relevanssi_pin_for_all":"","_relevanssi_pin_keywords":"","_relevanssi_unpin_keywords":"","_relevanssi_related_keywords":"","_relevanssi_related_include_ids":"","_relevanssi_related_exclude_ids":"","_relevanssi_related_no_append":"","_relevanssi_related_not_related":"","_relevanssi_related_posts":"1","_relevanssi_noindex_reason":"","footnotes":""},"categories":[12],"tags":[],"class_list":["post-166","page","type-page","status-publish","hentry","category-pagina-cu-sidebar"],"meta_box":[],"_links":{"self":[{"href":"https:\/\/umfst.ro\/stiinte-si-litere\/wp-json\/wp\/v2\/pages\/166","targetHints":{"allow":["GET"]}}],"collection":[{"href":"https:\/\/umfst.ro\/stiinte-si-litere\/wp-json\/wp\/v2\/pages"}],"about":[{"href":"https:\/\/umfst.ro\/stiinte-si-litere\/wp-json\/wp\/v2\/types\/page"}],"author":[{"embeddable":true,"href":"https:\/\/umfst.ro\/stiinte-si-litere\/wp-json\/wp\/v2\/users\/4"}],"replies":[{"embeddable":true,"href":"https:\/\/umfst.ro\/stiinte-si-litere\/wp-json\/wp\/v2\/comments?post=166"}],"version-history":[{"count":1,"href":"https:\/\/umfst.ro\/stiinte-si-litere\/wp-json\/wp\/v2\/pages\/166\/revisions"}],"predecessor-version":[{"id":172,"href":"https:\/\/umfst.ro\/stiinte-si-litere\/wp-json\/wp\/v2\/pages\/166\/revisions\/172"}],"up":[{"embeddable":true,"href":"https:\/\/umfst.ro\/stiinte-si-litere\/wp-json\/wp\/v2\/pages\/161"}],"wp:attachment":[{"href":"https:\/\/umfst.ro\/stiinte-si-litere\/wp-json\/wp\/v2\/media?parent=166"}],"wp:term":[{"taxonomy":"category","embeddable":true,"href":"https:\/\/umfst.ro\/stiinte-si-litere\/wp-json\/wp\/v2\/categories?post=166"},{"taxonomy":"post_tag","embeddable":true,"href":"https:\/\/umfst.ro\/stiinte-si-litere\/wp-json\/wp\/v2\/tags?post=166"}],"curies":[{"name":"wp","href":"https:\/\/api.w.org\/{rel}","templated":true}]}}