{"id":28,"date":"2022-11-20T17:50:42","date_gmt":"2022-11-20T17:50:42","guid":{"rendered":"https:\/\/dev.umfst.ro\/stiinte-si-litere\/?page_id=28"},"modified":"2022-11-20T17:50:43","modified_gmt":"2022-11-20T17:50:43","slug":"recitind-cartile-scolii-ardelene","status":"publish","type":"page","link":"https:\/\/umfst.ro\/stiinte-si-litere\/evenimente\/recitind-cartile-scolii-ardelene\/","title":{"rendered":"Recitind c\u0103r\u021bile \u0218colii Ardelene"},"content":{"rendered":"\n<h2 class=\"wp-block-heading\">RECITIND C\u0102R\u021aILE \u0218COLII ARDELENE<\/h2>\n\n\n\n<p>Pe 11 octombrie se s\u0103rb\u0103tore\u0219te Ziua \u0218colii Ardelene, o s\u0103rb\u0103toare public\u0103 dedicat\u0103 omagierii \u0219i rememor\u0103rii rolului istoric, cultural \u0219i politic al mi\u0219c\u0103rii cunoscute cu numele de \u0218coala Ardelean\u0103. Cu acest prilej, Facultatea de \u0218tiin\u021be \u0219i Litere \u201ePetru Maior&#8221; din cadrul Universit\u0103\u021bii de Medicin\u0103, Farmacie, \u0218tiin\u021be \u0219i Tehnologie \u201eGeorge Emil Palade&#8221; din T\u00e2rgu Mure\u0219 \u00ee\u0219i propune s\u0103 omagieze memoria protagoni\u0219tilor mi\u0219c\u0103rii iluministe a rom\u00e2nilor ardeleni printr-o lec\u021bie deschis\u0103 de istorie adresat\u0103 elevilor colegiilor \u0219i liceelor t\u00e2rgu-mure\u0219ene.<\/p>\n\n\n\n<figure class=\"wp-block-image\"><img decoding=\"async\" src=\"https:\/\/www.umfst.ro\/fileadmin\/_processed_\/a\/9\/csm_afis_litere_scoala_ardeleana_10.10.2022_36767642a4.jpg\" alt=\"\" \/><\/figure>\n","protected":false},"excerpt":{"rendered":"<p>RECITIND C\u0102R\u021aILE \u0218COLII ARDELENE Pe 11 octombrie se s\u0103rb\u0103tore\u0219te Ziua \u0218colii Ardelene, o s\u0103rb\u0103toare public\u0103 dedicat\u0103 omagierii \u0219i rememor\u0103rii rolului istoric, cultural \u0219i politic al mi\u0219c\u0103rii cunoscute cu numele de \u0218coala Ardelean\u0103. Cu acest prilej, Facultatea de \u0218tiin\u021be \u0219i Litere \u201ePetru Maior&#8221; din cadrul Universit\u0103\u021bii de Medicin\u0103, Farmacie, \u0218tiin\u021be \u0219i Tehnologie \u201eGeorge Emil Palade&#8221; din [&hellip;]<\/p>\n","protected":false},"author":4,"featured_media":0,"parent":23,"menu_order":0,"comment_status":"closed","ping_status":"closed","template":"","meta":{"_relevanssi_hide_post":"","_relevanssi_hide_content":"","_relevanssi_pin_for_all":"","_relevanssi_pin_keywords":"","_relevanssi_unpin_keywords":"","_relevanssi_related_keywords":"","_relevanssi_related_include_ids":"","_relevanssi_related_exclude_ids":"","_relevanssi_related_no_append":"","_relevanssi_related_not_related":"","_relevanssi_related_posts":"1","_relevanssi_noindex_reason":"","footnotes":""},"categories":[12],"tags":[],"class_list":["post-28","page","type-page","status-publish","hentry","category-pagina-cu-sidebar"],"meta_box":[],"_links":{"self":[{"href":"https:\/\/umfst.ro\/stiinte-si-litere\/wp-json\/wp\/v2\/pages\/28","targetHints":{"allow":["GET"]}}],"collection":[{"href":"https:\/\/umfst.ro\/stiinte-si-litere\/wp-json\/wp\/v2\/pages"}],"about":[{"href":"https:\/\/umfst.ro\/stiinte-si-litere\/wp-json\/wp\/v2\/types\/page"}],"author":[{"embeddable":true,"href":"https:\/\/umfst.ro\/stiinte-si-litere\/wp-json\/wp\/v2\/users\/4"}],"replies":[{"embeddable":true,"href":"https:\/\/umfst.ro\/stiinte-si-litere\/wp-json\/wp\/v2\/comments?post=28"}],"version-history":[{"count":1,"href":"https:\/\/umfst.ro\/stiinte-si-litere\/wp-json\/wp\/v2\/pages\/28\/revisions"}],"predecessor-version":[{"id":32,"href":"https:\/\/umfst.ro\/stiinte-si-litere\/wp-json\/wp\/v2\/pages\/28\/revisions\/32"}],"up":[{"embeddable":true,"href":"https:\/\/umfst.ro\/stiinte-si-litere\/wp-json\/wp\/v2\/pages\/23"}],"wp:attachment":[{"href":"https:\/\/umfst.ro\/stiinte-si-litere\/wp-json\/wp\/v2\/media?parent=28"}],"wp:term":[{"taxonomy":"category","embeddable":true,"href":"https:\/\/umfst.ro\/stiinte-si-litere\/wp-json\/wp\/v2\/categories?post=28"},{"taxonomy":"post_tag","embeddable":true,"href":"https:\/\/umfst.ro\/stiinte-si-litere\/wp-json\/wp\/v2\/tags?post=28"}],"curies":[{"name":"wp","href":"https:\/\/api.w.org\/{rel}","templated":true}]}}